{"id":236,"date":"2018-04-08T12:20:12","date_gmt":"2018-04-08T10:20:12","guid":{"rendered":"http:\/\/www.ungarndeutsche.de\/wp\/hu\/?page_id=236"},"modified":"2018-04-17T20:22:52","modified_gmt":"2018-04-17T18:22:52","slug":"lengyel-lendl","status":"publish","type":"page","link":"http:\/\/www.ungarndeutsche.de\/wp\/hu\/koezsegek\/lengyel-lendl\/","title":{"rendered":"Lengyel \/ Lendl"},"content":{"rendered":"<p>Aus der&nbsp;<a href=\"http:\/\/www.ungarndeutsche.de\/wp\/hu\/wp-content\/uploads\/sites\/2\/2018\/04\/Lengyel-Lendl.doc\" target=\"_blank\" rel=\"noopener\">Geschichte von Lengyel \/ Lendl<\/a>&nbsp;(magyarul \u00e9s n\u00e9met\u00fcl)<\/p>\n<p>A&nbsp;<a href=\"http:\/\/www.ungarndeutsche.de\/wp\/hu\/wp-content\/uploads\/sites\/2\/2018\/04\/Lengyel_Internierungslager.pdf\" target=\"_blank\" rel=\"noopener\">n\u00e9metek intern\u00e1l\u00f3 t\u00e1bora&nbsp;<\/a>Lengyelen<\/p>\n","protected":false},"excerpt":{"rendered":"<p>Aus der&nbsp;Geschichte von Lengyel \/ Lendl&nbsp;(magyarul \u00e9s n\u00e9met\u00fcl) A&nbsp;n\u00e9metek intern\u00e1l\u00f3 t\u00e1bora&nbsp;Lengyelen<\/p>\n","protected":false},"author":1,"featured_media":0,"parent":208,"menu_order":0,"comment_status":"closed","ping_status":"closed","template":"","meta":{"ngg_post_thumbnail":0,"footnotes":""},"class_list":["post-236","page","type-page","status-publish","hentry"],"_links":{"self":[{"href":"http:\/\/www.ungarndeutsche.de\/wp\/hu\/wp-json\/wp\/v2\/pages\/236","targetHints":{"allow":["GET"]}}],"collection":[{"href":"http:\/\/www.ungarndeutsche.de\/wp\/hu\/wp-json\/wp\/v2\/pages"}],"about":[{"href":"http:\/\/www.ungarndeutsche.de\/wp\/hu\/wp-json\/wp\/v2\/types\/page"}],"author":[{"embeddable":true,"href":"http:\/\/www.ungarndeutsche.de\/wp\/hu\/wp-json\/wp\/v2\/users\/1"}],"replies":[{"embeddable":true,"href":"http:\/\/www.ungarndeutsche.de\/wp\/hu\/wp-json\/wp\/v2\/comments?post=236"}],"version-history":[{"count":2,"href":"http:\/\/www.ungarndeutsche.de\/wp\/hu\/wp-json\/wp\/v2\/pages\/236\/revisions"}],"predecessor-version":[{"id":751,"href":"http:\/\/www.ungarndeutsche.de\/wp\/hu\/wp-json\/wp\/v2\/pages\/236\/revisions\/751"}],"up":[{"embeddable":true,"href":"http:\/\/www.ungarndeutsche.de\/wp\/hu\/wp-json\/wp\/v2\/pages\/208"}],"wp:attachment":[{"href":"http:\/\/www.ungarndeutsche.de\/wp\/hu\/wp-json\/wp\/v2\/media?parent=236"}],"curies":[{"name":"wp","href":"https:\/\/api.w.org\/{rel}","templated":true}]}}

<p>Aus der&nbsp;<a href="http://www.ungarndeutsche.de/wp/hu/wp-content/uploads/sites/2/2018/04/Lengyel-Lendl.doc" target="_blank" rel="noopener">Geschichte von Lengyel / Lendl</a>&nbsp;(magyarul és németül)</p>
<p>A&nbsp;<a href="http://www.ungarndeutsche.de/wp/hu/wp-content/uploads/sites/2/2018/04/Lengyel_Internierungslager.pdf" target="_blank" rel="noopener">németek internáló tábora&nbsp;</a>Lengyelen</p>

<p>Aus der&nbsp;Geschichte von Lengyel / Lendl&nbsp;(magyarul és németül) A&nbsp;németek internáló tábora&nbsp;Lengyelen</p>
