{"id":267,"date":"2018-04-08T12:25:19","date_gmt":"2018-04-08T10:25:19","guid":{"rendered":"http:\/\/www.ungarndeutsche.de\/wp\/hu\/?page_id=267"},"modified":"2018-04-14T12:33:45","modified_gmt":"2018-04-14T10:33:45","slug":"a-lenau-egyesuelet-es-haz-pecsett","status":"publish","type":"page","link":"http:\/\/www.ungarndeutsche.de\/wp\/hu\/egyesueletek-tanintezmenyek\/a-lenau-egyesuelet-es-haz-pecsett\/","title":{"rendered":"A Lenau-Egyes\u00fclet \u00e9s -h\u00e1z P\u00e9csett"},"content":{"rendered":"<p><a href=\"http:\/\/www.ungarndeutsche.de\/wp\/hu\/lenau-verein\/\" target=\"_blank\" rel=\"noopener\">Lenau-Verein und Lenau-Haus in F\u00fcnfkirchen<\/a>&nbsp;<br \/>\n[A Lenau-Egyes\u00fclet \u00e9s -h\u00e1z P\u00e9csett]<\/p>\n","protected":false},"excerpt":{"rendered":"<p>Lenau-Verein und Lenau-Haus in F\u00fcnfkirchen&nbsp; [A Lenau-Egyes\u00fclet \u00e9s -h\u00e1z P\u00e9csett]<\/p>\n","protected":false},"author":1,"featured_media":0,"parent":259,"menu_order":0,"comment_status":"closed","ping_status":"closed","template":"","meta":{"ngg_post_thumbnail":0,"footnotes":""},"class_list":["post-267","page","type-page","status-publish","hentry"],"_links":{"self":[{"href":"http:\/\/www.ungarndeutsche.de\/wp\/hu\/wp-json\/wp\/v2\/pages\/267","targetHints":{"allow":["GET"]}}],"collection":[{"href":"http:\/\/www.ungarndeutsche.de\/wp\/hu\/wp-json\/wp\/v2\/pages"}],"about":[{"href":"http:\/\/www.ungarndeutsche.de\/wp\/hu\/wp-json\/wp\/v2\/types\/page"}],"author":[{"embeddable":true,"href":"http:\/\/www.ungarndeutsche.de\/wp\/hu\/wp-json\/wp\/v2\/users\/1"}],"replies":[{"embeddable":true,"href":"http:\/\/www.ungarndeutsche.de\/wp\/hu\/wp-json\/wp\/v2\/comments?post=267"}],"version-history":[{"count":2,"href":"http:\/\/www.ungarndeutsche.de\/wp\/hu\/wp-json\/wp\/v2\/pages\/267\/revisions"}],"predecessor-version":[{"id":697,"href":"http:\/\/www.ungarndeutsche.de\/wp\/hu\/wp-json\/wp\/v2\/pages\/267\/revisions\/697"}],"up":[{"embeddable":true,"href":"http:\/\/www.ungarndeutsche.de\/wp\/hu\/wp-json\/wp\/v2\/pages\/259"}],"wp:attachment":[{"href":"http:\/\/www.ungarndeutsche.de\/wp\/hu\/wp-json\/wp\/v2\/media?parent=267"}],"curies":[{"name":"wp","href":"https:\/\/api.w.org\/{rel}","templated":true}]}}

A Lenau-Egyesület és -ház Pécsett

<p><a href="http://www.ungarndeutsche.de/wp/hu/lenau-verein/" target="_blank" rel="noopener">Lenau-Verein und Lenau-Haus in Fünfkirchen</a>&nbsp;<br />
[A Lenau-Egyesület és -ház Pécsett]</p>

<p>Lenau-Verein und Lenau-Haus in Fünfkirchen&nbsp; [A Lenau-Egyesület és -ház Pécsett]</p>
